-6998b
In base 14, what is 1413 - -9?
141c
In base 5, what is 1000 - 3342?
-2342
In base 16, what is -6c + -516?
-582
In base 16, what is -570 + -a?
-57a
In base 2, what is 1010 + -110100000101?
-110011111011
In base 6, what is 21 + 210020?
210041
In base 3, what is -11 + -110000000?
-110000011
In base 12, what is 19040 - -5?
19045
In base 3, what is 1 - 100222012220?
-100222012212
In base 15, what is 5 + 5436e?
54374
In base 5, what is 104343 - -3?
104401
In base 7, what is 5 - 503?
-465
In base 10, what is 81849 + 0?
81849
In base 16, what is -43ef - -6?
-43e9
In base 3, what is -20 + -102021011?
-102021101
In base 14, what is a571 + -15?
a55a
In base 7, what is 2 + 126102?
126104
In base 11, what is -1796 - -88?
-1709
In base 5, what is 3 + 32042133?
32042141
In base 15, what is -66 - 6e?
-d5
In base 4, what is 22 + -3103002?
-3102320
In base 4, what is 1021 - 12313320?
-12312233
In base 14, what is -5633 - -10?
-5623
In base 11, what is 8 - -112173?
112180
In base 7, what is -23212 - 1214?
-24426
In base 14, what is -235 + 1819?
15c4
In base 9, what is 6 + 5374?
5381
In base 7, what is 13 + -1223400?
-1223354
In base 3, what is 2210022211202 - 12?
2210022211120
In base 9, what is 3464 + 155?
3630
In base 5, what is -243211443 + -3?
-243212001
In base 16, what is 3ae94 + f?
3aea3
In base 11, what is -47 - -213?
177
In base 10, what is 32424 + -1?
32423
In base 14, what is -53 + -8764?
-87b7
In base 7, what is 1 - 116326?
-116325
In base 2, what is 100011010011100110 + -101?
100011010011100001
In base 9, what is 1 - 651411?
-651410
In base 13, what is 4 + 28922?
28926
In base 6, what is -131524551 - 1?
-131524552
In base 9, what is 75 - 34428?
-34343
In base 10, what is 17107 - -480?
17587
In base 2, what is 110001101110 + 10000?
110001111110
In base 6, what is -141553 - -140?
-141413
In base 5, what is -12232242 - -4?
-12232233
In base 14, what is -3958cb - 1?
-3958cc
In base 2, what is 1101000111101010110110 + 101?
1101000111101010111011
In base 3, what is -10020 - 220000?
-1000020
In base 11, what is -3 + -2886?
-2889
In base 10, what is 32179 + -13?
32166
In base 6, what is -455 + -413?
-1312
In base 3, what is -1211 - -2222?
1011
In base 3, what is 200111 - 12?
200022
In base 14, what is 544c3 + -4?
544bd
In base 15, what is -1a46d8 - 2?
-1a46da
In base 11, what is -67900 + 17?
-67894
In base 13, what is 101a + 1c?
1039
In base 3, what is 21 - -1022221002?
1022221100
In base 3, what is -202120202 - -10?
-202120122
In base 4, what is 1 - 13230101?
-13230100
In base 3, what is -2021011 - -1110?
-2012201
In base 3, what is -2 + -2220021?
-2220100
In base 16, what is 4 + -1f21?
-1f1d
In base 9, what is 2225 - -10?
2235
In base 12, what is -3702162 + 0?
-3702162
In base 8, what is -64064 - 3?
-64067
In base 5, what is 3032303 - -3?
3032311
In base 11, what is 28 + 19997?
19a14
In base 16, what is 2 + 13ab2?
13ab4
In base 9, what is -334 - 2820?
-3254
In base 13, what is -a783 - 1?
-a784
In base 16, what is -3 + -13770?
-13773
In base 5, what is -1443104 - -1?
-1443103
In base 3, what is -10122102100 - 22?
-10122102122
In base 5, what is 0 - 2110233?
-2110233
In base 9, what is -206420 + 3?
-206416
In base 2, what is 11010000111 - -10001101010?
101011110001
In base 2, what is -101111 + -101100110001?
-101101100000
In base 15, what is 439 - -16?
450
In base 8, what is -7 - 57525?
-57534
In base 10, what is 2 - 34925?
-34923
In base 15, what is -330a + 31?
-32c9
In base 14, what is -72 - 282?
-314
In base 4, what is 1321032110 + -10?
1321032100
In base 10, what is -1 - -198080?
198079
In base 4, what is 133103030 - 3?
133103021
In base 7, what is -2 + -133363?
-133365
In base 4, what is -113121 + 123?
-112332
In base 2, what is -1000010 - 1010010000?
-1011010010
In base 11, what is -4 - a7a1a?
-a7a23
In base 10, what is -44 - -71?
27
In base 4, what is 333332 + -10021?
323311
In base 5, what is -220420 + -1404?
-222324
In base 2, what is 1011 + -1000011111?
-1000010100
In base 9, what is -32273 + 1?
-32272
In base 11, what is -41373 - 3?
-41376
In base 14, what is -11303 - -5?
-112dc
In base 10, what is 8 - -3665?
3673
In base 2, what is 110011010000 - 10010?
110010111110
In base 12, what is -1426 - -379?
-1069
In base 13, what is -a0 + a262?
a192
In base 11, what is -4 + 291a42?
291a39
In base 13, what is -4 + 260c?
2608
In base 6, what is 2 + -1244350?
-1244344
In base 13, what is 18 - 18382?
-18367
In base 14, what is b3a9 - a?
b39d
In base 3, what is 2 - 121222020?
-121222011
In base 16, what is -b - -dff?
df4
In base 16, what is 4f + 123?
172
In base 2, what is -1001 + -110001000101?
-110001001110
In base 2, what is -11010101101 + -1001?
-11010110110
In base 9, what is -1105588 + -4?
-1105603
In base 12, what is -4 - -164137?
164133
In base 10, what is 10 + -13190?
-13180
In base 14, what is -402c - 8b?
-40b9
In base 16, what is -21 - 1a2e0?
-1a301
In base 5, what is -3 - 131111014?
-131111022
In base 13, what is -3 + 6250?
624a
In base 5, what is -2300320 - 20?
-2300340
In base 9, what is -1234 - 17?
-1252
In base 3, what is -210000220012 - 11?
-210000220100
In base 8, what is 552035 + 0?
552035
In base 11, what is -2 - -160aa8?
160aa6
In base 9, what is 122 - 22?
100
In base 9, what is 128740 - -5?
128745
In base 3, what is 102202201 + -21121?
102111010
In base 12, what is 2197 - 14?
2183
In base 13, what is 3ac5 - 226?
389c
In base 16, what is -9 - -18f7?
18ee
In base 16, what is 1421b4 + -3?
1421b1
In base 13, what is -1a42 - 3?
-1a45
In base 15, what is -310 - -bd?
-242
In base 3, what is 21121112 - -10022?
21201211
In base 10, what is -20 - -2302?
2282
In base 6, what is 14 + -454132?
-454114
In base 13, what is -141 - 44b8?
-4629
In base 12, what is 54 + -96b6?
-9662
In base 16, what is -6cb9f + -2?
-6cba1
In base 7, what is -1546263 - 1?
-1546264
In base 15, what is -164 + 926?
7b2
In base 5, what is 4 - -144204?
144213
In base 3, what is 120000211 + -102122?
112121012
In base 11, what is -a97 - 35?
-1021
In base 12, what is 4 - -96a5?
96a9
In base 8, what is -41 + -126?
-167
In base 7, what is -35101 + -14?
-35115
In base 8, what is 221 + 23?
244
In base 12, what is -5 - 26b39?
-26b42
In base 4, what is 21330021201 + -2?
21330021133
In base 11, what is 4 - 104561?
-104558
In base 7, what is 4432425 + 1?
4432426
In base 3, what is -20111011 - -110021?
-20000220
In base 5, what is 11422424 - -4?
11422433
In base 8, what is -334 + -452?
-1006
In base 14, what is -4 + -319d3?
-319d7
In base 15, what is 5 - -5d970?
5d975
In base 13, what is -2 - -1415?
1413
In base 3, what is 1210 + 120112?
122022
In base 11, what is -641 - -20?
-621
In base 6, what is -10553 + -3?
-11000
In base 2, what is 100011010100101 + -1?
100011010100100
In base 9, what is 5 + -20163?
-20157
In base 16, what is -45 - 3fe?
-443
In base 3, what is 201001 + 110211112?
111112120
In base 8, what is 0 + 14041?
14041
In base 4, what is -100 - 31300002?
-31300102
In base 16, what is 5d1 + -92?
53f
In base 7, what is 5 + -53522?
-53514
In base 5, what is 112 + -31023?
-30411
In base 16, what is -da - 15f8?
-16d2
In base 8, what is -3 - -25677?
25674
In base 11, what is 19356 - 0?
19356
In base 13, what is -238 + -17a5?
-1a10
In base 16, what is 1f646f - -1?
1f6470
In base 14, what is -4 + 10467?
10463
In base 2, what is -111000000011 + 100?
-110111111111
In base 16, what is 20f - 17?
1f8
In base 12, what is -73 + -851?
-904
In base 6, what is -25141 - 20?
-25201
In base 15, what is 1 - -ba4?
ba5
In base 15, what is -2342 + -a?
-234c
In base 8, what is -6071 + 552?
-5317
In base 16, what is 346a + -c?
345e
In base 4, what is -2101100 - 12?
-2101112
In base 13, what is 5b94 + -b?
5b86
In base 11, what is 679 + 38?
706
In base 9, what is -1120 + -2468?
-3588
In base 8, what is 1457715 - -5?
1457722
In base 9, what is 47 + 56684?
56742
In base 9, what is 27085 + 3?
27088
In base 5, what is -10 + 11413032?
11413022
In base 9, what is 538 + -20?
518
In base 6, what is 12 + 150130?
150142
In base 14, what is -3351 + 6?
-3349
In base 12, what is a3a5 - 1b?
a386
In base 3, what is -102112201120 + -121?
-102112202011
In base 2, what is 100 - -1010000011101110?
1010000011110010
In base 3, what is -12 - -10101201002?
10101200220
In base 12, what is 7b32 - -165?
8097
In base 15,